visor of r and i.
1
Let v(q) = -q - 8. Let z be v(-5). Let d(s) = 6*s - 3. Let t be d(5). Let w be ((-5)/z)/(1/t). Calculate the greatest common factor of 9 and w.
9
Let b(g) be the second derivative of -5*g**3/6 - g**2 - g. Let y be b(4). Let x = 18 - y. What is the greatest common divisor of 5 and x?
5
Let r(q) = -q**3 - q**2 - 2*q + 16. Let g be r(0). Let o = 47 - 8. Let m = g + o. Calculate the greatest common factor of 22 and m.
11
Suppose 10*m - 55 = 5*m. Let o(q) = -q**3 + 12*q**2 - 9*q - 7. Let r be o(m). Calculate the greatest common divisor of 15 and r.
15
Suppose 0 = -b + 18 + 2. Calculate the highest common factor of b and 4.
4
Suppose 0 = -3*y + 37 - 1. Let i = 24 - -72. Calculate the greatest common factor of i and y.
12
Let n be (3/2)/((-1)/2). Let a be 57*n/27*-3. What is the highest common divisor of a and 171?
19
Let i = 30 - 2. Calculate the greatest common factor of i and 14.
14
Let y = -7 + -4. Let c = 121 - y. What is the highest common divisor of c and 12?
12
Suppose 5*d - 3*d = 8. Suppose -2*h - 34 = g + 2*h, -3*g - d*h = 70. Let r be (-3)/6*g + 3. Calculate the highest common divisor of r and 6.
6
Let o(w) = -2*w - 4. Let x be o(-3). Let f(y) = y**2 + 1 + 3*y**3 - 2*y**3 - x*y - 3. Let d be f(4). Calculate the highest common factor of d and 10.
10
Let s be (-744)/(-40) - 2/(-5). Suppose 4*d - 21 = s. What is the highest common factor of 30 and d?
10
Suppose 4 + 20 = 4*a. Suppose -185 - 85 = -5*l. What is the highest common factor of a and l?
6
Let b be ((-42)/(-10))/((-2)/(-10)). Let y = -23 - -4. Let u = y + 33. Calculate the greatest common divisor of b and u.
7
Let p = 1 + 40. Let u = p + -20. What is the greatest common divisor of u and 3?
3
Let z = -11 - -14. Suppose 0 = z*g - 8*g + 110. Let s = -53 + 229. What is the greatest common divisor of g and s?
22
Suppose 2*p = -4*i + 52, 0*i = 5*i + 2*p - 64. What is the highest common factor of i and 9?
3
Suppose 0*u = -u - 248. Let i = u + 369. Suppose -m - 11 = -2*m. What is the greatest common factor of i and m?
11
Suppose -3*y = -8 - 100. Let a(h) = -h**2 - 11*h - 1. Let l be a(-10). What is the greatest common divisor of y and l?
9
Suppose -6 = -5*g + 34. Let w be (18/(-8))/(3/(-64)). What is the greatest common divisor of g and w?
8
Let s be (6/(-15))/(2/(-120)). Let r(v) = 2*v - 5. Let w be r(6). Let o = -4 + w. Calculate the greatest common divisor of s and o.
3
Let p = 2 - -13. Suppose 0 = 2*x - 7*x + p. Calculate the highest common factor of x and 21.
3
Let w(z) = z**2 - 4*z - 1. Let x be w(6). Let p be (-12)/(-15) + (-32)/(-10) + -3. Calculate the greatest common factor of x and p.
1
Let d(m) be the third derivative of 1/20*m**5 - m**2 + 5/3*m**3 + 0*m + 0 - 7/24*m**4. Let q be d(7). What is the greatest common factor of 12 and q?
12
Suppose 0 = p + 4*p. Suppose -5 = -c - p. Suppose 0 = m - 4*x - 55, m + 1 = 5*x + 56. What is the highest common divisor of c and m?
5
Let i = -27 - -35. Calculate the greatest common factor of 8 and i.
8
Suppose -d + 5*d = -2*h + 384, -4*h = -3*d - 735. Calculate the greatest common factor of 31 and h.
31
Suppose 0 = 4*i - 3*i + 5, 2*i = n - 17. Let d be (-6 - -4)/(1/(-28)). Calculate the highest common divisor of n and d.
7
Let f = -177 - -276. Let z be ((-6)/9)/((-6)/f). Calculate the highest common factor of 22 and z.
11
Let f be -2*1*(-63)/2. Calculate the greatest common divisor of 21 and f.
21
Let d(a) = -a**3 + a. Let m be d(2). Let h be (-26)/m + (-1)/3. Let z be ((-2)/h)/((-1)/140). Calculate the greatest common factor of z and 10.
10
Suppose -45*o + 43*o + 8 = 0. Calculate the greatest common factor of o and 6.
2
Suppose 4*p + 5*s = 148, -3*s + 6*s = 3*p - 84. Suppose 0*w - 4 = -w. What is the highest common factor of w and p?
4
Suppose -4*a = -2*i + 24, 0 = -0*i - 4*i + 3*a + 53. Let p(o) = 20*o - 10. Let s be p(4). What is the highest common divisor of i and s?
14
Let w(l) = l + 5. Let x be w(4). Let k = x - 4. Calculate the greatest common factor of k and 5.
5
Let d(r) = 9*r + 0*r**3 + r**3 - 11*r + r**2. Let n be d(4). What is the greatest common divisor of 48 and n?
24
Let x be 2/(-5) + 5803/(-5). Let y be x/(-21) + (-4)/14. Suppose -5*b + 68 = -5*c - 62, 0 = 4*b - 3*c - 100. What is the greatest common factor of y and b?
11
Let p be (1 - 187/(-3))/((-3)/(-9)). Calculate the highest common factor of p and 76.
38
Let u be 18/45 - 163/(-5). Suppose 3*h = -h + 12. What is the highest common divisor of u and h?
3
Let z(q) = -32*q**2 - q. Suppose 3*s + p - 2 = 6*s, 3*p + 3 = 0. Let m be z(s). Let t = m - -45. What is the greatest common divisor of t and 2?
2
Let u(i) = 45*i**2 - i + 1. Let v = 0 - -1. Let l be u(v). What is the highest common divisor of l and 5?
5
Let y(f) = 15*f**3 - 2*f**2 + 2*f - 1. Let j be y(1). Let m(d) = d + 112. Let b be m(0). Suppose -2*t + t = -b. What is the greatest common divisor of t and j?
14
Suppose 20 = t + 3*m, -2*m + 4 = -t - 1. Suppose t*b - 5*n = -85, 2*n + n - 89 = 5*b. Let y = b - -32. What is the highest common factor of y and 65?
13
Suppose -3*n - 4 = -1. Let i = n - 0. Let f be (-16)/(-2) + 1 + i. Calculate the highest common divisor of f and 4.
4
Let g(j) = j**3 - 15*j**2 - j + 17. Let c be g(15). Let z(t) = 2*t - 3. Let a be z(-4). Let p = 5 - a. Calculate the highest common factor of p and c.
2
Suppose -4*j - 132 = -t - 3*j, -2*t - 2*j + 264 = 0. Suppose -2*g - 14 = -4. Let x = 17 + g. Calculate the highest common divisor of t and x.
12
Let y(c) = c**3 - 5*c**2 + 5*c + 1. Let m be y(4). Let g(o) = o**3 + o**2 - 9*o - 4. Let t be g(4). What is the highest common divisor of t and m?
5
Suppose 3*w = 6*w - 24. What is the greatest common factor of 64 and w?
8
Suppose 3*v + 0 = 12. Suppose a - v + 1 = 0. Suppose -a = n - 4. Calculate the greatest common divisor of 11 and n.
1
Suppose 178 - 22 = 2*d. What is the highest common divisor of d and 13?
13
Let d(r) = 13*r + r**2 + r - 3*r + 15. Let o be d(-10). Calculate the greatest common divisor of 40 and o.
5
Let l = 5 + -4. Let y = 1 - l. Let c be y + ((-3)/3 - -4). What is the greatest common factor of 3 and c?
3
Let q(c) = -c**3 + c**2 - c + 10. Let i be q(0). Suppose 2*s - 36 - 44 = 0. What is the highest common divisor of i and s?
10
Let o be (-489)/(-6) + -3 - (-6)/4. What is the greatest common factor of o and 120?
40
Let i be 0/((-2)/2 + -1). Suppose 4*w + 4 + 0 = i. Let q be 1/w*(1 + -28). What is the greatest common factor of q and 3?
3
Let z(r) be the first derivative of -2*r**4 - r**3/3 - r**2/2 + r - 2. Let d be z(1). Let x be (8/(-3))/(3/d). What is the highest common divisor of x and 2?
2
Let h(u) be the first derivative of -56*u**2 - u - 2. Let j be h(-1). Suppose 4*i - j - 149 = 0. Calculate the highest common divisor of i and 13.
13
Let z be (15/6)/(6/132). What is the highest common divisor of 5 and z?
5
Suppose 3*w - 143 = -8*w. What is the highest common factor of 13 and w?
13
Suppose -4*i = -5*d - 8*i - 56, -2*d + 2*i = 8. Let j = 10 + d. Suppose 2*l = -5*t + 33, -j*l + 5*t + 3 = -0*l. What is the highest common divisor of 36 and l?
9
Let m = -10 - -5. Let c be m/15 + 254/6. What is the greatest common divisor of 105 and c?
21
Let o be (-180)/25*-1*10. Let i = 21 + -12. What is the highest common divisor of i and o?
9
Suppose 9*m + 5 = 10*m. Suppose 3*a - 140 = -5*s, -2*a - 10 - m = -s. What is the highest common factor of s and 275?
25
Let w = -53 + 73. What is the greatest common factor of w and 180?
20
Suppose 0 = 5*k + 31 + 34. Let h = -1 - k. What is the greatest common divisor of h and 4?
4
Let p(q) = q - 4. Let d be p(6). Let c be d + (-1 + 9)*2. Let h(s) = 62*s + 2. Let i be h(2). What is the greatest common factor of c and i?
18
Let q = 13 + -11. Suppose 5*o - q*i - 128 = -6, -o + i = -22. Calculate the highest common divisor of o and 13.
13
Let f(q) = -8*q + 4. Let s be f(-7). What is the greatest common divisor of 150 and s?
30
Let z be ((-12)/(-8))/((-1)/2). Let d be ((-2)/3)/(6/9). Let h be d - 63/(z*1). What is the highest common divisor of h and 30?
10
Let z be (-1)/4 - (-53)/4. Suppose -2*w + 70 = 4*l, w - 20 + 1 = 2*l. Suppose 13 = h + 4*i, 4*h = 2*i + 25 + w. Calculate the highest common divisor of h and z.
13
Suppose m + 5*q = -m - 23, q = -5*m. Calculate the highest common factor of 1 